{"id":4062,"date":"2022-02-28T17:10:49","date_gmt":"2022-02-28T16:10:49","guid":{"rendered":"https:\/\/ensembletraversees.com\/events\/flute-and-harp-duo-concert\/"},"modified":"2022-07-22T23:43:28","modified_gmt":"2022-07-22T21:43:28","slug":"flute-and-harp-duo-concert-5-08-2022","status":"publish","type":"ajde_events","link":"https:\/\/ensembletraversees.com\/en\/events\/flute-and-harp-duo-concert-5-08-2022\/","title":{"rendered":"Flute and Harp Duo Concert"},"content":{"rendered":"<div class=\"page\" title=\"Page 2\">\n<div class=\"layoutArea\">\n<div class=\"column\">\n<div class=\"page\" title=\"Page 2\">\n<div class=\"layoutArea\">\n<div class=\"column\">\n<p>A flute and harp duo, but a very un-classical evening. Full of surprises,\u00a0<em>Travers\u00e9es<\/em>\u00a0brings their audience into journeys across styles, centuries, cultures and continents.<\/p>\n<p>Myriam Darm\u00e9 (flute) and Maia Darm\u00e9 (harp) are two outstanding virtuosos, who pen the arrangements of most of the pieces they perform. Between the two of them, they play up to 25 instruments in concert.<\/p>\n<\/div>\n<\/div>\n<\/div>\n<p><em>Eglise St Martin, 18170 Loye sur Arnon, FRANCE<\/em><\/p>\n<p><em>Tickets : 8\u20ac<\/em><\/p>\n<\/div>\n<\/div>\n<\/div>\n<p><img loading=\"lazy\" decoding=\"async\" class=\"aligncenter wp-image-4158 size-large\" src=\"https:\/\/ensembletraversees.com\/wp-content\/uploads\/2022\/02\/Affiche-concert-Duo-Traverse\u0301es-Loye-Sur-Arnon-5-Aout-2022-web-724x1024.jpg\" alt=\"\" width=\"724\" height=\"1024\" srcset=\"https:\/\/ensembletraversees.com\/wp-content\/uploads\/2022\/02\/Affiche-concert-Duo-Traverse\u0301es-Loye-Sur-Arnon-5-Aout-2022-web-724x1024.jpg 724w, https:\/\/ensembletraversees.com\/wp-content\/uploads\/2022\/02\/Affiche-concert-Duo-Traverse\u0301es-Loye-Sur-Arnon-5-Aout-2022-web-212x300.jpg 212w, https:\/\/ensembletraversees.com\/wp-content\/uploads\/2022\/02\/Affiche-concert-Duo-Traverse\u0301es-Loye-Sur-Arnon-5-Aout-2022-web-768x1086.jpg 768w, https:\/\/ensembletraversees.com\/wp-content\/uploads\/2022\/02\/Affiche-concert-Duo-Traverse\u0301es-Loye-Sur-Arnon-5-Aout-2022-web-1086x1536.jpg 1086w, https:\/\/ensembletraversees.com\/wp-content\/uploads\/2022\/02\/Affiche-concert-Duo-Traverse\u0301es-Loye-Sur-Arnon-5-Aout-2022-web-1448x2048.jpg 1448w, https:\/\/ensembletraversees.com\/wp-content\/uploads\/2022\/02\/Affiche-concert-Duo-Traverse\u0301es-Loye-Sur-Arnon-5-Aout-2022-web-scaled.jpg 1810w\" sizes=\"(max-width: 724px) 100vw, 724px\" \/><\/p>\n","protected":false},"author":1,"featured_media":0,"menu_order":0,"comment_status":"closed","ping_status":"closed","template":"","meta":{"ocean_post_layout":"","ocean_both_sidebars_style":"","ocean_both_sidebars_content_width":0,"ocean_both_sidebars_sidebars_width":0,"ocean_sidebar":"","ocean_second_sidebar":"","ocean_disable_margins":"enable","ocean_add_body_class":"","ocean_shortcode_before_top_bar":"","ocean_shortcode_after_top_bar":"","ocean_shortcode_before_header":"","ocean_shortcode_after_header":"","ocean_has_shortcode":"","ocean_shortcode_after_title":"","ocean_shortcode_before_footer_widgets":"","ocean_shortcode_after_footer_widgets":"","ocean_shortcode_before_footer_bottom":"","ocean_shortcode_after_footer_bottom":"","ocean_display_top_bar":"default","ocean_display_header":"default","ocean_header_style":"","ocean_center_header_left_menu":"","ocean_custom_header_template":"","ocean_custom_logo":0,"ocean_custom_retina_logo":0,"ocean_custom_logo_max_width":0,"ocean_custom_logo_tablet_max_width":0,"ocean_custom_logo_mobile_max_width":0,"ocean_custom_logo_max_height":0,"ocean_custom_logo_tablet_max_height":0,"ocean_custom_logo_mobile_max_height":0,"ocean_header_custom_menu":"","ocean_menu_typo_font_family":"","ocean_menu_typo_font_subset":"","ocean_menu_typo_font_size":0,"ocean_menu_typo_font_size_tablet":0,"ocean_menu_typo_font_size_mobile":0,"ocean_menu_typo_font_size_unit":"px","ocean_menu_typo_font_weight":"","ocean_menu_typo_font_weight_tablet":"","ocean_menu_typo_font_weight_mobile":"","ocean_menu_typo_transform":"","ocean_menu_typo_transform_tablet":"","ocean_menu_typo_transform_mobile":"","ocean_menu_typo_line_height":0,"ocean_menu_typo_line_height_tablet":0,"ocean_menu_typo_line_height_mobile":0,"ocean_menu_typo_line_height_unit":"","ocean_menu_typo_spacing":0,"ocean_menu_typo_spacing_tablet":0,"ocean_menu_typo_spacing_mobile":0,"ocean_menu_typo_spacing_unit":"","ocean_menu_link_color":"","ocean_menu_link_color_hover":"","ocean_menu_link_color_active":"","ocean_menu_link_background":"","ocean_menu_link_hover_background":"","ocean_menu_link_active_background":"","ocean_menu_social_links_bg":"","ocean_menu_social_hover_links_bg":"","ocean_menu_social_links_color":"","ocean_menu_social_hover_links_color":"","ocean_disable_title":"default","ocean_disable_heading":"default","ocean_post_title":"","ocean_post_subheading":"","ocean_post_title_style":"","ocean_post_title_background_color":"","ocean_post_title_background":0,"ocean_post_title_bg_image_position":"","ocean_post_title_bg_image_attachment":"","ocean_post_title_bg_image_repeat":"","ocean_post_title_bg_image_size":"","ocean_post_title_height":0,"ocean_post_title_bg_overlay":0.5,"ocean_post_title_bg_overlay_color":"","ocean_disable_breadcrumbs":"default","ocean_breadcrumbs_color":"","ocean_breadcrumbs_separator_color":"","ocean_breadcrumbs_links_color":"","ocean_breadcrumbs_links_hover_color":"","ocean_display_footer_widgets":"default","ocean_display_footer_bottom":"default","ocean_custom_footer_template":""},"tags":[],"event_type":[],"event_type_2":[],"class_list":["post-4062","ajde_events","type-ajde_events","status-publish","hentry","entry"],"yoast_head":"<!-- This site is optimized with the Yoast SEO plugin v23.4 - https:\/\/yoast.com\/wordpress\/plugins\/seo\/ -->\n<title>Flute and Harp Duo Concert<\/title>\n<meta name=\"description\" content=\"Myriam Darm\u00e9 and Maia Darm\u00e9 of Flute and Harp Duet &quot;Travers\u00e9es&quot; will be performing a recital in Loye sur Arnon on 5 August 2022 at 7pm.\" \/>\n<meta name=\"robots\" content=\"index, follow, max-snippet:-1, max-image-preview:large, max-video-preview:-1\" \/>\n<link rel=\"canonical\" href=\"https:\/\/ensembletraversees.com\/en\/events\/flute-and-harp-duo-concert-5-08-2022\/\" \/>\n<meta property=\"og:locale\" content=\"en_US\" \/>\n<meta property=\"og:type\" content=\"article\" \/>\n<meta property=\"og:title\" content=\"Flute and Harp Duo Concert\" \/>\n<meta property=\"og:description\" content=\"Myriam Darm\u00e9 and Maia Darm\u00e9 of Flute and Harp Duet &quot;Travers\u00e9es&quot; will be performing a recital in Loye sur Arnon on 5 August 2022 at 7pm.\" \/>\n<meta property=\"og:url\" content=\"https:\/\/ensembletraversees.com\/en\/events\/flute-and-harp-duo-concert-5-08-2022\/\" \/>\n<meta property=\"article:publisher\" content=\"https:\/\/www.facebook.com\/Harpkanun\/\" \/>\n<meta property=\"article:modified_time\" content=\"2022-07-22T21:43:28+00:00\" \/>\n<meta property=\"og:image\" content=\"https:\/\/ensembletraversees.com\/wp-content\/uploads\/2020\/03\/Traverse\u0301es-Maia-Darme\u0301-Myriam-Darme\u0301-2-cImage-libre-de-droits.jpg\" \/>\n\t<meta property=\"og:image:width\" content=\"2000\" \/>\n\t<meta property=\"og:image:height\" content=\"1209\" \/>\n\t<meta property=\"og:image:type\" content=\"image\/jpeg\" \/>\n<meta name=\"twitter:card\" content=\"summary_large_image\" \/>\n<meta name=\"twitter:label1\" content=\"Est. reading time\" \/>\n\t<meta name=\"twitter:data1\" content=\"1 minute\" \/>\n<script type=\"application\/ld+json\" class=\"yoast-schema-graph\">{\"@context\":\"https:\/\/schema.org\",\"@graph\":[{\"@type\":\"WebPage\",\"@id\":\"https:\/\/ensembletraversees.com\/en\/events\/flute-and-harp-duo-concert-5-08-2022\/\",\"url\":\"https:\/\/ensembletraversees.com\/en\/events\/flute-and-harp-duo-concert-5-08-2022\/\",\"name\":\"Flute and Harp Duo Concert\",\"isPartOf\":{\"@id\":\"https:\/\/ensembletraversees.com\/en\/#website\"},\"datePublished\":\"2022-02-28T16:10:49+00:00\",\"dateModified\":\"2022-07-22T21:43:28+00:00\",\"description\":\"Myriam Darm\u00e9 and Maia Darm\u00e9 of Flute and Harp Duet \\\"Travers\u00e9es\\\" will be performing a recital in Loye sur Arnon on 5 August 2022 at 7pm.\",\"breadcrumb\":{\"@id\":\"https:\/\/ensembletraversees.com\/en\/events\/flute-and-harp-duo-concert-5-08-2022\/#breadcrumb\"},\"inLanguage\":\"en-US\",\"potentialAction\":[{\"@type\":\"ReadAction\",\"target\":[\"https:\/\/ensembletraversees.com\/en\/events\/flute-and-harp-duo-concert-5-08-2022\/\"]}]},{\"@type\":\"BreadcrumbList\",\"@id\":\"https:\/\/ensembletraversees.com\/en\/events\/flute-and-harp-duo-concert-5-08-2022\/#breadcrumb\",\"itemListElement\":[{\"@type\":\"ListItem\",\"position\":1,\"name\":\"Accueil\",\"item\":\"https:\/\/ensembletraversees.com\/en\/\"},{\"@type\":\"ListItem\",\"position\":2,\"name\":\"Events\",\"item\":\"https:\/\/ensembletraversees.com\/en\/events\/\"},{\"@type\":\"ListItem\",\"position\":3,\"name\":\"Flute and Harp Duo Concert\"}]},{\"@type\":\"WebSite\",\"@id\":\"https:\/\/ensembletraversees.com\/en\/#website\",\"url\":\"https:\/\/ensembletraversees.com\/en\/\",\"name\":\"\",\"description\":\"\",\"potentialAction\":[{\"@type\":\"SearchAction\",\"target\":{\"@type\":\"EntryPoint\",\"urlTemplate\":\"https:\/\/ensembletraversees.com\/en\/?s={search_term_string}\"},\"query-input\":{\"@type\":\"PropertyValueSpecification\",\"valueRequired\":true,\"valueName\":\"search_term_string\"}}],\"inLanguage\":\"en-US\"}]}<\/script>\n<!-- \/ Yoast SEO plugin. -->","yoast_head_json":{"title":"Flute and Harp Duo Concert","description":"Myriam Darm\u00e9 and Maia Darm\u00e9 of Flute and Harp Duet \"Travers\u00e9es\" will be performing a recital in Loye sur Arnon on 5 August 2022 at 7pm.","robots":{"index":"index","follow":"follow","max-snippet":"max-snippet:-1","max-image-preview":"max-image-preview:large","max-video-preview":"max-video-preview:-1"},"canonical":"https:\/\/ensembletraversees.com\/en\/events\/flute-and-harp-duo-concert-5-08-2022\/","og_locale":"en_US","og_type":"article","og_title":"Flute and Harp Duo Concert","og_description":"Myriam Darm\u00e9 and Maia Darm\u00e9 of Flute and Harp Duet \"Travers\u00e9es\" will be performing a recital in Loye sur Arnon on 5 August 2022 at 7pm.","og_url":"https:\/\/ensembletraversees.com\/en\/events\/flute-and-harp-duo-concert-5-08-2022\/","article_publisher":"https:\/\/www.facebook.com\/Harpkanun\/","article_modified_time":"2022-07-22T21:43:28+00:00","og_image":[{"width":2000,"height":1209,"url":"https:\/\/ensembletraversees.com\/wp-content\/uploads\/2020\/03\/Traverse\u0301es-Maia-Darme\u0301-Myriam-Darme\u0301-2-cImage-libre-de-droits.jpg","type":"image\/jpeg"}],"twitter_card":"summary_large_image","twitter_misc":{"Est. reading time":"1 minute"},"schema":{"@context":"https:\/\/schema.org","@graph":[{"@type":"WebPage","@id":"https:\/\/ensembletraversees.com\/en\/events\/flute-and-harp-duo-concert-5-08-2022\/","url":"https:\/\/ensembletraversees.com\/en\/events\/flute-and-harp-duo-concert-5-08-2022\/","name":"Flute and Harp Duo Concert","isPartOf":{"@id":"https:\/\/ensembletraversees.com\/en\/#website"},"datePublished":"2022-02-28T16:10:49+00:00","dateModified":"2022-07-22T21:43:28+00:00","description":"Myriam Darm\u00e9 and Maia Darm\u00e9 of Flute and Harp Duet \"Travers\u00e9es\" will be performing a recital in Loye sur Arnon on 5 August 2022 at 7pm.","breadcrumb":{"@id":"https:\/\/ensembletraversees.com\/en\/events\/flute-and-harp-duo-concert-5-08-2022\/#breadcrumb"},"inLanguage":"en-US","potentialAction":[{"@type":"ReadAction","target":["https:\/\/ensembletraversees.com\/en\/events\/flute-and-harp-duo-concert-5-08-2022\/"]}]},{"@type":"BreadcrumbList","@id":"https:\/\/ensembletraversees.com\/en\/events\/flute-and-harp-duo-concert-5-08-2022\/#breadcrumb","itemListElement":[{"@type":"ListItem","position":1,"name":"Accueil","item":"https:\/\/ensembletraversees.com\/en\/"},{"@type":"ListItem","position":2,"name":"Events","item":"https:\/\/ensembletraversees.com\/en\/events\/"},{"@type":"ListItem","position":3,"name":"Flute and Harp Duo Concert"}]},{"@type":"WebSite","@id":"https:\/\/ensembletraversees.com\/en\/#website","url":"https:\/\/ensembletraversees.com\/en\/","name":"","description":"","potentialAction":[{"@type":"SearchAction","target":{"@type":"EntryPoint","urlTemplate":"https:\/\/ensembletraversees.com\/en\/?s={search_term_string}"},"query-input":{"@type":"PropertyValueSpecification","valueRequired":true,"valueName":"search_term_string"}}],"inLanguage":"en-US"}]}},"_links":{"self":[{"href":"https:\/\/ensembletraversees.com\/en\/wp-json\/wp\/v2\/ajde_events\/4062"}],"collection":[{"href":"https:\/\/ensembletraversees.com\/en\/wp-json\/wp\/v2\/ajde_events"}],"about":[{"href":"https:\/\/ensembletraversees.com\/en\/wp-json\/wp\/v2\/types\/ajde_events"}],"author":[{"embeddable":true,"href":"https:\/\/ensembletraversees.com\/en\/wp-json\/wp\/v2\/users\/1"}],"replies":[{"embeddable":true,"href":"https:\/\/ensembletraversees.com\/en\/wp-json\/wp\/v2\/comments?post=4062"}],"wp:attachment":[{"href":"https:\/\/ensembletraversees.com\/en\/wp-json\/wp\/v2\/media?parent=4062"}],"wp:term":[{"taxonomy":"post_tag","embeddable":true,"href":"https:\/\/ensembletraversees.com\/en\/wp-json\/wp\/v2\/tags?post=4062"},{"taxonomy":"event_type","embeddable":true,"href":"https:\/\/ensembletraversees.com\/en\/wp-json\/wp\/v2\/event_type?post=4062"},{"taxonomy":"event_type_2","embeddable":true,"href":"https:\/\/ensembletraversees.com\/en\/wp-json\/wp\/v2\/event_type_2?post=4062"}],"curies":[{"name":"wp","href":"https:\/\/api.w.org\/{rel}","templated":true}]}}

<div class="page" title="Page 2">
<div class="layoutArea">
<div class="column">
<div class="page" title="Page 2">
<div class="layoutArea">
<div class="column">
<p>A flute and harp duo, but a very un-classical evening. Full of surprises, <em>Traversées</em> brings their audience into journeys across styles, centuries, cultures and continents.</p>
<p>Myriam Darmé (flute) and Maia Darmé (harp) are two outstanding virtuosos, who pen the arrangements of most of the pieces they perform. Between the two of them, they play up to 25 instruments in concert.</p>
</div>
</div>
</div>
<p><em>Eglise St Martin, 18170 Loye sur Arnon, FRANCE</em></p>
<p><em>Tickets : 8€</em></p>
</div>
</div>
</div>
<p><img loading="lazy" decoding="async" class="aligncenter wp-image-4158 size-large" src="https://ensembletraversees.com/wp-content/uploads/2022/02/Affiche-concert-Duo-Traversées-Loye-Sur-Arnon-5-Aout-2022-web-724x1024.jpg" alt="" width="724" height="1024" srcset="https://ensembletraversees.com/wp-content/uploads/2022/02/Affiche-concert-Duo-Traversées-Loye-Sur-Arnon-5-Aout-2022-web-724x1024.jpg 724w, https://ensembletraversees.com/wp-content/uploads/2022/02/Affiche-concert-Duo-Traversées-Loye-Sur-Arnon-5-Aout-2022-web-212x300.jpg 212w, https://ensembletraversees.com/wp-content/uploads/2022/02/Affiche-concert-Duo-Traversées-Loye-Sur-Arnon-5-Aout-2022-web-768x1086.jpg 768w, https://ensembletraversees.com/wp-content/uploads/2022/02/Affiche-concert-Duo-Traversées-Loye-Sur-Arnon-5-Aout-2022-web-1086x1536.jpg 1086w, https://ensembletraversees.com/wp-content/uploads/2022/02/Affiche-concert-Duo-Traversées-Loye-Sur-Arnon-5-Aout-2022-web-1448x2048.jpg 1448w, https://ensembletraversees.com/wp-content/uploads/2022/02/Affiche-concert-Duo-Traversées-Loye-Sur-Arnon-5-Aout-2022-web-scaled.jpg 1810w" sizes="(max-width: 724px) 100vw, 724px" /></p>

<!-- This site is optimized with the Yoast SEO plugin v23.4 - https://yoast.com/wordpress/plugins/seo/ -->
<title>Flute and Harp Duo Concert</title>
<meta name="description" content="Myriam Darmé and Maia Darmé of Flute and Harp Duet &quot;Traversées&quot; will be performing a recital in Loye sur Arnon on 5 August 2022 at 7pm." />
<meta name="robots" content="index, follow, max-snippet:-1, max-image-preview:large, max-video-preview:-1" />
<link rel="canonical" href="https://ensembletraversees.com/en/events/flute-and-harp-duo-concert-5-08-2022/" />
<meta property="og:locale" content="en_US" />
<meta property="og:type" content="article" />
<meta property="og:title" content="Flute and Harp Duo Concert" />
<meta property="og:description" content="Myriam Darmé and Maia Darmé of Flute and Harp Duet &quot;Traversées&quot; will be performing a recital in Loye sur Arnon on 5 August 2022 at 7pm." />
<meta property="og:url" content="https://ensembletraversees.com/en/events/flute-and-harp-duo-concert-5-08-2022/" />
<meta property="article:publisher" content="https://www.facebook.com/Harpkanun/" />
<meta property="article:modified_time" content="2022-07-22T21:43:28+00:00" />
<meta property="og:image" content="https://ensembletraversees.com/wp-content/uploads/2020/03/Traversées-Maia-Darmé-Myriam-Darmé-2-cImage-libre-de-droits.jpg" />
	<meta property="og:image:width" content="2000" />
	<meta property="og:image:height" content="1209" />
	<meta property="og:image:type" content="image/jpeg" />
<meta name="twitter:card" content="summary_large_image" />
<meta name="twitter:label1" content="Est. reading time" />
	<meta name="twitter:data1" content="1 minute" />
<script type="application/ld+json" class="yoast-schema-graph">{"@context":"https://schema.org","@graph":[{"@type":"WebPage","@id":"https://ensembletraversees.com/en/events/flute-and-harp-duo-concert-5-08-2022/","url":"https://ensembletraversees.com/en/events/flute-and-harp-duo-concert-5-08-2022/","name":"Flute and Harp Duo Concert","isPartOf":{"@id":"https://ensembletraversees.com/en/#website"},"datePublished":"2022-02-28T16:10:49+00:00","dateModified":"2022-07-22T21:43:28+00:00","description":"Myriam Darmé and Maia Darmé of Flute and Harp Duet \"Traversées\" will be performing a recital in Loye sur Arnon on 5 August 2022 at 7pm.","breadcrumb":{"@id":"https://ensembletraversees.com/en/events/flute-and-harp-duo-concert-5-08-2022/#breadcrumb"},"inLanguage":"en-US","potentialAction":[{"@type":"ReadAction","target":["https://ensembletraversees.com/en/events/flute-and-harp-duo-concert-5-08-2022/"]}]},{"@type":"BreadcrumbList","@id":"https://ensembletraversees.com/en/events/flute-and-harp-duo-concert-5-08-2022/#breadcrumb","itemListElement":[{"@type":"ListItem","position":1,"name":"Accueil","item":"https://ensembletraversees.com/en/"},{"@type":"ListItem","position":2,"name":"Events","item":"https://ensembletraversees.com/en/events/"},{"@type":"ListItem","position":3,"name":"Flute and Harp Duo Concert"}]},{"@type":"WebSite","@id":"https://ensembletraversees.com/en/#website","url":"https://ensembletraversees.com/en/","name":"","description":"","potentialAction":[{"@type":"SearchAction","target":{"@type":"EntryPoint","urlTemplate":"https://ensembletraversees.com/en/?s={search_term_string}"},"query-input":{"@type":"PropertyValueSpecification","valueRequired":true,"valueName":"search_term_string"}}],"inLanguage":"en-US"}]}</script>
<!-- / Yoast SEO plugin. -->

Myriam Darmé and Maia Darmé of Flute and Harp Duet "Traversées" will be performing a recital in Loye sur Arnon on 5 August 2022 at 7pm.
