{"id":2461,"date":"2020-04-16T14:08:29","date_gmt":"2020-04-16T12:08:29","guid":{"rendered":"http:\/\/ensembletraversees.com\/events\/flute-and-harp-duet-concert\/"},"modified":"2020-04-18T22:09:26","modified_gmt":"2020-04-18T20:09:26","slug":"concert-duo-flute-harpe-05-03-2019","status":"publish","type":"ajde_events","link":"https:\/\/ensembletraversees.com\/en\/events\/concert-duo-flute-harpe-05-03-2019\/","title":{"rendered":"Flute and Harp Duet Concert"},"content":{"rendered":"<div class=\"page\" title=\"Page 2\">\n<div class=\"layoutArea\">\n<div class=\"column\">\n<div class=\"page\" title=\"Page 2\">\n<div class=\"layoutArea\">\n<div class=\"column\">\n<p>A flute and harp duet, but a very un-classical evening. Full of surprises, <em>Travers\u00e9es<\/em>\u00a0brings their audience into journeys across styles, centuries, cultures and continents.<\/p>\n<p>Myriam Darm\u00e9 (flute) and Maia Darm\u00e9 (harp) are two outstanding virtuosos, who pen the arrangements of most of the pieces they perform. Between the two of them, they play up to 25 instruments in concert.<\/p>\n<\/div>\n<\/div>\n<\/div>\n<p><em>Salle de l&#8217;Accordeur, 33910 Saint Denis de Pile, FRANCE<\/em><\/p>\n<p><em>Free entry<br \/>\n<\/em><\/p>\n<\/div>\n<\/div>\n<\/div>\n<p><a href=\"http:\/\/ensembletraversees.com\/wp-content\/uploads\/2020\/04\/Affiche-Concert-St-Denis-de-Pile-Ensemble-travers\u00e9es.pdf\"><img loading=\"lazy\" decoding=\"async\" class=\"aligncenter wp-image-2458 size-large\" src=\"http:\/\/ensembletraversees.com\/wp-content\/uploads\/Affiche-Concert-St-Denis-de-Pile-Ensemble-travers\u00e9es-pdf-724x1024.jpg\" alt=\"\" width=\"724\" height=\"1024\" \/><\/a><\/p>\n","protected":false},"author":1,"featured_media":0,"menu_order":0,"comment_status":"closed","ping_status":"closed","template":"","meta":{"ocean_post_layout":"","ocean_both_sidebars_style":"","ocean_both_sidebars_content_width":0,"ocean_both_sidebars_sidebars_width":0,"ocean_sidebar":"","ocean_second_sidebar":"","ocean_disable_margins":"enable","ocean_add_body_class":"","ocean_shortcode_before_top_bar":"","ocean_shortcode_after_top_bar":"","ocean_shortcode_before_header":"","ocean_shortcode_after_header":"","ocean_has_shortcode":"","ocean_shortcode_after_title":"","ocean_shortcode_before_footer_widgets":"","ocean_shortcode_after_footer_widgets":"","ocean_shortcode_before_footer_bottom":"","ocean_shortcode_after_footer_bottom":"","ocean_display_top_bar":"default","ocean_display_header":"default","ocean_header_style":"","ocean_center_header_left_menu":"","ocean_custom_header_template":"","ocean_custom_logo":0,"ocean_custom_retina_logo":0,"ocean_custom_logo_max_width":0,"ocean_custom_logo_tablet_max_width":0,"ocean_custom_logo_mobile_max_width":0,"ocean_custom_logo_max_height":0,"ocean_custom_logo_tablet_max_height":0,"ocean_custom_logo_mobile_max_height":0,"ocean_header_custom_menu":"","ocean_menu_typo_font_family":"","ocean_menu_typo_font_subset":"","ocean_menu_typo_font_size":0,"ocean_menu_typo_font_size_tablet":0,"ocean_menu_typo_font_size_mobile":0,"ocean_menu_typo_font_size_unit":"px","ocean_menu_typo_font_weight":"","ocean_menu_typo_font_weight_tablet":"","ocean_menu_typo_font_weight_mobile":"","ocean_menu_typo_transform":"","ocean_menu_typo_transform_tablet":"","ocean_menu_typo_transform_mobile":"","ocean_menu_typo_line_height":0,"ocean_menu_typo_line_height_tablet":0,"ocean_menu_typo_line_height_mobile":0,"ocean_menu_typo_line_height_unit":"","ocean_menu_typo_spacing":0,"ocean_menu_typo_spacing_tablet":0,"ocean_menu_typo_spacing_mobile":0,"ocean_menu_typo_spacing_unit":"","ocean_menu_link_color":"","ocean_menu_link_color_hover":"","ocean_menu_link_color_active":"","ocean_menu_link_background":"","ocean_menu_link_hover_background":"","ocean_menu_link_active_background":"","ocean_menu_social_links_bg":"","ocean_menu_social_hover_links_bg":"","ocean_menu_social_links_color":"","ocean_menu_social_hover_links_color":"","ocean_disable_title":"default","ocean_disable_heading":"default","ocean_post_title":"","ocean_post_subheading":"","ocean_post_title_style":"","ocean_post_title_background_color":"","ocean_post_title_background":0,"ocean_post_title_bg_image_position":"","ocean_post_title_bg_image_attachment":"","ocean_post_title_bg_image_repeat":"","ocean_post_title_bg_image_size":"","ocean_post_title_height":0,"ocean_post_title_bg_overlay":0.5,"ocean_post_title_bg_overlay_color":"","ocean_disable_breadcrumbs":"default","ocean_breadcrumbs_color":"","ocean_breadcrumbs_separator_color":"","ocean_breadcrumbs_links_color":"","ocean_breadcrumbs_links_hover_color":"","ocean_display_footer_widgets":"default","ocean_display_footer_bottom":"default","ocean_custom_footer_template":""},"tags":[],"event_type":[],"event_type_2":[],"class_list":["post-2461","ajde_events","type-ajde_events","status-publish","hentry","entry"],"yoast_head":"<!-- This site is optimized with the Yoast SEO plugin v23.4 - https:\/\/yoast.com\/wordpress\/plugins\/seo\/ -->\n<title>Flute and Harp Duet Concert<\/title>\n<meta name=\"description\" content=\"Myriam Darm\u00e9 and Maia Darm\u00e9 of Flute and Harp Duet &quot;Travers\u00e9es&quot; will be performing a recital in Accordeur St Denis de Pile on 5 March 2019 at 7:00pm.\" \/>\n<meta name=\"robots\" content=\"index, follow, max-snippet:-1, max-image-preview:large, max-video-preview:-1\" \/>\n<link rel=\"canonical\" href=\"https:\/\/ensembletraversees.com\/en\/events\/concert-duo-flute-harpe-05-03-2019\/\" \/>\n<meta property=\"og:locale\" content=\"en_US\" \/>\n<meta property=\"og:type\" content=\"article\" \/>\n<meta property=\"og:title\" content=\"Flute and Harp Duet Concert\" \/>\n<meta property=\"og:description\" content=\"Myriam Darm\u00e9 and Maia Darm\u00e9 of Flute and Harp Duet &quot;Travers\u00e9es&quot; will be performing a recital in Accordeur St Denis de Pile on 5 March 2019 at 7:00pm.\" \/>\n<meta property=\"og:url\" content=\"https:\/\/ensembletraversees.com\/en\/events\/concert-duo-flute-harpe-05-03-2019\/\" \/>\n<meta property=\"article:publisher\" content=\"https:\/\/www.facebook.com\/Harpkanun\/\" \/>\n<meta property=\"article:modified_time\" content=\"2020-04-18T20:09:26+00:00\" \/>\n<meta property=\"og:image\" content=\"https:\/\/ensembletraversees.com\/wp-content\/uploads\/2020\/03\/Traverse\u0301es-Maia-Darme\u0301-Myriam-Darme\u0301-2-cImage-libre-de-droits.jpg\" \/>\n\t<meta property=\"og:image:width\" content=\"2000\" \/>\n\t<meta property=\"og:image:height\" content=\"1209\" \/>\n\t<meta property=\"og:image:type\" content=\"image\/jpeg\" \/>\n<meta name=\"twitter:card\" content=\"summary_large_image\" \/>\n<script type=\"application\/ld+json\" class=\"yoast-schema-graph\">{\"@context\":\"https:\/\/schema.org\",\"@graph\":[{\"@type\":\"WebPage\",\"@id\":\"https:\/\/ensembletraversees.com\/en\/events\/concert-duo-flute-harpe-05-03-2019\/\",\"url\":\"https:\/\/ensembletraversees.com\/en\/events\/concert-duo-flute-harpe-05-03-2019\/\",\"name\":\"Flute and Harp Duet Concert\",\"isPartOf\":{\"@id\":\"https:\/\/ensembletraversees.com\/en\/#website\"},\"datePublished\":\"2020-04-16T12:08:29+00:00\",\"dateModified\":\"2020-04-18T20:09:26+00:00\",\"description\":\"Myriam Darm\u00e9 and Maia Darm\u00e9 of Flute and Harp Duet \\\"Travers\u00e9es\\\" will be performing a recital in Accordeur St Denis de Pile on 5 March 2019 at 7:00pm.\",\"breadcrumb\":{\"@id\":\"https:\/\/ensembletraversees.com\/en\/events\/concert-duo-flute-harpe-05-03-2019\/#breadcrumb\"},\"inLanguage\":\"en-US\",\"potentialAction\":[{\"@type\":\"ReadAction\",\"target\":[\"https:\/\/ensembletraversees.com\/en\/events\/concert-duo-flute-harpe-05-03-2019\/\"]}]},{\"@type\":\"BreadcrumbList\",\"@id\":\"https:\/\/ensembletraversees.com\/en\/events\/concert-duo-flute-harpe-05-03-2019\/#breadcrumb\",\"itemListElement\":[{\"@type\":\"ListItem\",\"position\":1,\"name\":\"Accueil\",\"item\":\"https:\/\/ensembletraversees.com\/en\/\"},{\"@type\":\"ListItem\",\"position\":2,\"name\":\"Events\",\"item\":\"https:\/\/ensembletraversees.com\/en\/events\/\"},{\"@type\":\"ListItem\",\"position\":3,\"name\":\"Flute and Harp Duet Concert\"}]},{\"@type\":\"WebSite\",\"@id\":\"https:\/\/ensembletraversees.com\/en\/#website\",\"url\":\"https:\/\/ensembletraversees.com\/en\/\",\"name\":\"\",\"description\":\"\",\"potentialAction\":[{\"@type\":\"SearchAction\",\"target\":{\"@type\":\"EntryPoint\",\"urlTemplate\":\"https:\/\/ensembletraversees.com\/en\/?s={search_term_string}\"},\"query-input\":{\"@type\":\"PropertyValueSpecification\",\"valueRequired\":true,\"valueName\":\"search_term_string\"}}],\"inLanguage\":\"en-US\"}]}<\/script>\n<!-- \/ Yoast SEO plugin. -->","yoast_head_json":{"title":"Flute and Harp Duet Concert","description":"Myriam Darm\u00e9 and Maia Darm\u00e9 of Flute and Harp Duet \"Travers\u00e9es\" will be performing a recital in Accordeur St Denis de Pile on 5 March 2019 at 7:00pm.","robots":{"index":"index","follow":"follow","max-snippet":"max-snippet:-1","max-image-preview":"max-image-preview:large","max-video-preview":"max-video-preview:-1"},"canonical":"https:\/\/ensembletraversees.com\/en\/events\/concert-duo-flute-harpe-05-03-2019\/","og_locale":"en_US","og_type":"article","og_title":"Flute and Harp Duet Concert","og_description":"Myriam Darm\u00e9 and Maia Darm\u00e9 of Flute and Harp Duet \"Travers\u00e9es\" will be performing a recital in Accordeur St Denis de Pile on 5 March 2019 at 7:00pm.","og_url":"https:\/\/ensembletraversees.com\/en\/events\/concert-duo-flute-harpe-05-03-2019\/","article_publisher":"https:\/\/www.facebook.com\/Harpkanun\/","article_modified_time":"2020-04-18T20:09:26+00:00","og_image":[{"width":2000,"height":1209,"url":"https:\/\/ensembletraversees.com\/wp-content\/uploads\/2020\/03\/Traverse\u0301es-Maia-Darme\u0301-Myriam-Darme\u0301-2-cImage-libre-de-droits.jpg","type":"image\/jpeg"}],"twitter_card":"summary_large_image","schema":{"@context":"https:\/\/schema.org","@graph":[{"@type":"WebPage","@id":"https:\/\/ensembletraversees.com\/en\/events\/concert-duo-flute-harpe-05-03-2019\/","url":"https:\/\/ensembletraversees.com\/en\/events\/concert-duo-flute-harpe-05-03-2019\/","name":"Flute and Harp Duet Concert","isPartOf":{"@id":"https:\/\/ensembletraversees.com\/en\/#website"},"datePublished":"2020-04-16T12:08:29+00:00","dateModified":"2020-04-18T20:09:26+00:00","description":"Myriam Darm\u00e9 and Maia Darm\u00e9 of Flute and Harp Duet \"Travers\u00e9es\" will be performing a recital in Accordeur St Denis de Pile on 5 March 2019 at 7:00pm.","breadcrumb":{"@id":"https:\/\/ensembletraversees.com\/en\/events\/concert-duo-flute-harpe-05-03-2019\/#breadcrumb"},"inLanguage":"en-US","potentialAction":[{"@type":"ReadAction","target":["https:\/\/ensembletraversees.com\/en\/events\/concert-duo-flute-harpe-05-03-2019\/"]}]},{"@type":"BreadcrumbList","@id":"https:\/\/ensembletraversees.com\/en\/events\/concert-duo-flute-harpe-05-03-2019\/#breadcrumb","itemListElement":[{"@type":"ListItem","position":1,"name":"Accueil","item":"https:\/\/ensembletraversees.com\/en\/"},{"@type":"ListItem","position":2,"name":"Events","item":"https:\/\/ensembletraversees.com\/en\/events\/"},{"@type":"ListItem","position":3,"name":"Flute and Harp Duet Concert"}]},{"@type":"WebSite","@id":"https:\/\/ensembletraversees.com\/en\/#website","url":"https:\/\/ensembletraversees.com\/en\/","name":"","description":"","potentialAction":[{"@type":"SearchAction","target":{"@type":"EntryPoint","urlTemplate":"https:\/\/ensembletraversees.com\/en\/?s={search_term_string}"},"query-input":{"@type":"PropertyValueSpecification","valueRequired":true,"valueName":"search_term_string"}}],"inLanguage":"en-US"}]}},"_links":{"self":[{"href":"https:\/\/ensembletraversees.com\/en\/wp-json\/wp\/v2\/ajde_events\/2461"}],"collection":[{"href":"https:\/\/ensembletraversees.com\/en\/wp-json\/wp\/v2\/ajde_events"}],"about":[{"href":"https:\/\/ensembletraversees.com\/en\/wp-json\/wp\/v2\/types\/ajde_events"}],"author":[{"embeddable":true,"href":"https:\/\/ensembletraversees.com\/en\/wp-json\/wp\/v2\/users\/1"}],"replies":[{"embeddable":true,"href":"https:\/\/ensembletraversees.com\/en\/wp-json\/wp\/v2\/comments?post=2461"}],"wp:attachment":[{"href":"https:\/\/ensembletraversees.com\/en\/wp-json\/wp\/v2\/media?parent=2461"}],"wp:term":[{"taxonomy":"post_tag","embeddable":true,"href":"https:\/\/ensembletraversees.com\/en\/wp-json\/wp\/v2\/tags?post=2461"},{"taxonomy":"event_type","embeddable":true,"href":"https:\/\/ensembletraversees.com\/en\/wp-json\/wp\/v2\/event_type?post=2461"},{"taxonomy":"event_type_2","embeddable":true,"href":"https:\/\/ensembletraversees.com\/en\/wp-json\/wp\/v2\/event_type_2?post=2461"}],"curies":[{"name":"wp","href":"https:\/\/api.w.org\/{rel}","templated":true}]}}

<div class="page" title="Page 2">
<div class="layoutArea">
<div class="column">
<div class="page" title="Page 2">
<div class="layoutArea">
<div class="column">
<p>A flute and harp duet, but a very un-classical evening. Full of surprises, <em>Traversées</em> brings their audience into journeys across styles, centuries, cultures and continents.</p>
<p>Myriam Darmé (flute) and Maia Darmé (harp) are two outstanding virtuosos, who pen the arrangements of most of the pieces they perform. Between the two of them, they play up to 25 instruments in concert.</p>
</div>
</div>
</div>
<p><em>Salle de l&#8217;Accordeur, 33910 Saint Denis de Pile, FRANCE</em></p>
<p><em>Free entry<br />
</em></p>
</div>
</div>
</div>
<p><a href="http://ensembletraversees.com/wp-content/uploads/2020/04/Affiche-Concert-St-Denis-de-Pile-Ensemble-traversées.pdf"><img loading="lazy" decoding="async" class="aligncenter wp-image-2458 size-large" src="http://ensembletraversees.com/wp-content/uploads/Affiche-Concert-St-Denis-de-Pile-Ensemble-traversées-pdf-724x1024.jpg" alt="" width="724" height="1024" /></a></p>

<!-- This site is optimized with the Yoast SEO plugin v23.4 - https://yoast.com/wordpress/plugins/seo/ -->
<title>Flute and Harp Duet Concert</title>
<meta name="description" content="Myriam Darmé and Maia Darmé of Flute and Harp Duet &quot;Traversées&quot; will be performing a recital in Accordeur St Denis de Pile on 5 March 2019 at 7:00pm." />
<meta name="robots" content="index, follow, max-snippet:-1, max-image-preview:large, max-video-preview:-1" />
<link rel="canonical" href="https://ensembletraversees.com/en/events/concert-duo-flute-harpe-05-03-2019/" />
<meta property="og:locale" content="en_US" />
<meta property="og:type" content="article" />
<meta property="og:title" content="Flute and Harp Duet Concert" />
<meta property="og:description" content="Myriam Darmé and Maia Darmé of Flute and Harp Duet &quot;Traversées&quot; will be performing a recital in Accordeur St Denis de Pile on 5 March 2019 at 7:00pm." />
<meta property="og:url" content="https://ensembletraversees.com/en/events/concert-duo-flute-harpe-05-03-2019/" />
<meta property="article:publisher" content="https://www.facebook.com/Harpkanun/" />
<meta property="article:modified_time" content="2020-04-18T20:09:26+00:00" />
<meta property="og:image" content="https://ensembletraversees.com/wp-content/uploads/2020/03/Traversées-Maia-Darmé-Myriam-Darmé-2-cImage-libre-de-droits.jpg" />
	<meta property="og:image:width" content="2000" />
	<meta property="og:image:height" content="1209" />
	<meta property="og:image:type" content="image/jpeg" />
<meta name="twitter:card" content="summary_large_image" />
<script type="application/ld+json" class="yoast-schema-graph">{"@context":"https://schema.org","@graph":[{"@type":"WebPage","@id":"https://ensembletraversees.com/en/events/concert-duo-flute-harpe-05-03-2019/","url":"https://ensembletraversees.com/en/events/concert-duo-flute-harpe-05-03-2019/","name":"Flute and Harp Duet Concert","isPartOf":{"@id":"https://ensembletraversees.com/en/#website"},"datePublished":"2020-04-16T12:08:29+00:00","dateModified":"2020-04-18T20:09:26+00:00","description":"Myriam Darmé and Maia Darmé of Flute and Harp Duet \"Traversées\" will be performing a recital in Accordeur St Denis de Pile on 5 March 2019 at 7:00pm.","breadcrumb":{"@id":"https://ensembletraversees.com/en/events/concert-duo-flute-harpe-05-03-2019/#breadcrumb"},"inLanguage":"en-US","potentialAction":[{"@type":"ReadAction","target":["https://ensembletraversees.com/en/events/concert-duo-flute-harpe-05-03-2019/"]}]},{"@type":"BreadcrumbList","@id":"https://ensembletraversees.com/en/events/concert-duo-flute-harpe-05-03-2019/#breadcrumb","itemListElement":[{"@type":"ListItem","position":1,"name":"Accueil","item":"https://ensembletraversees.com/en/"},{"@type":"ListItem","position":2,"name":"Events","item":"https://ensembletraversees.com/en/events/"},{"@type":"ListItem","position":3,"name":"Flute and Harp Duet Concert"}]},{"@type":"WebSite","@id":"https://ensembletraversees.com/en/#website","url":"https://ensembletraversees.com/en/","name":"","description":"","potentialAction":[{"@type":"SearchAction","target":{"@type":"EntryPoint","urlTemplate":"https://ensembletraversees.com/en/?s={search_term_string}"},"query-input":{"@type":"PropertyValueSpecification","valueRequired":true,"valueName":"search_term_string"}}],"inLanguage":"en-US"}]}</script>
<!-- / Yoast SEO plugin. -->

Myriam Darmé and Maia Darmé of Flute and Harp Duet "Traversées" will be performing a recital in Accordeur St Denis de Pile on 5 March 2019 at 7:00pm.
